0 = 5*f - 4*i - 342, 3*f + i - 206 = j*i. Calculate the greatest common divisor of 10 and f.
10
Suppose 12 = t + 4. Calculate the greatest common factor of t and 56.
8
Suppose -5*g = 4*w - 22, -3*w - 3*g + 17 = g. Let d be (27 + 3)*1/w. What is the greatest common divisor of d and 20?
10
Suppose 0 = 3*u - 3, 3*s - 4*u - 20 = 18. What is the greatest common factor of s and 126?
14
Suppose 3 = 3*g - 3*h, 3*g - 21 = -0*h - 3*h. Let q = g + 1. Suppose -1 + 3 = -4*u + 2*r, 4*u + 2*r = 18. Calculate the highest common divisor of u and q.
1
Let i = -42 + 158. Calculate the highest common factor of 29 and i.
29
Let r be (3/(-6))/(7/(-126)). Calculate the highest common divisor of r and 1.
1
Suppose -7*d + 168 = -3*d. Suppose -2*a - a + 6 = 0, -3*j + 5*a + 179 = 0. What is the highest common factor of j and d?
21
Suppose -12*j + 8*j + 80 = 0. Let h(k) = k + 5. Let o be h(0). What is the greatest common factor of o and j?
5
Let n = 150 - 29. Suppose -2*s - w + 56 = -53, 0 = -2*s + 3*w + n. Calculate the greatest common factor of 14 and s.
14
Suppose 0*a + 6 = 3*a. Suppose -4*z + 20 = -9*z. Let y(x) = x**3 + 4*x**2 - 2*x - 6. Let h be y(z). What is the highest common divisor of a and h?
2
Suppose -5*u - 3*k + 52 = 0, u - 5*u = -3*k - 20. Let g = -21 + 41. What is the highest common factor of g and u?
4
Suppose 0*c = o - 3*c - 15, -5*c + 128 = 4*o. What is the highest common factor of 108 and o?
27
Let i be ((-4)/5)/(2/(-10)). Suppose 3*v + 6 = 0, -3*o - v + 0 = -130. Calculate the greatest common divisor of o and i.
4
Suppose -3*a + a = -3*i + 2, 4*i = a + 11. Let c(u) = 7*u**2 - 2*u + 1. Let o be c(2). What is the greatest common divisor of a and o?
5
Let b(w) = 5*w**2 - 10*w + 6. Let z be b(4). What is the highest common factor of 115 and z?
23
Let l(j) be the second derivative of -j**4/12 + 5*j**3/6 + 7*j**2/2 - j. Let q be l(5). What is the greatest common factor of 14 and q?
7
Suppose 71 - 242 = -9*u. Calculate the greatest common factor of u and 38.
19
Suppose 4*t = 2*y + 76, t - 3*y - 12 = y. Suppose -4*g + 576 = 3*v, 5*g + 0*v - 709 = -v. Let o = g - 81. Calculate the greatest common factor of t and o.
20
Let z(l) be the second derivative of -l**4/12 - 3*l**3/2 - 3*l**2/2 + 4*l. Let d be z(-6). Calculate the greatest common divisor of d and 45.
15
Suppose -56 = -3*k - 11. Suppose 0 = 4*u - 0*i + 2*i - 544, 3*i = 6. Calculate the highest common divisor of k and u.
15
Let r(t) = -t**2 + 8*t - 5. Let w be r(5). Suppose 0*g + 3*g = -2*z + w, -5*z - 3*g = -34. What is the highest common factor of 88 and z?
8
Suppose 3*u - 62 = 2*d, -3*d = 23*u - 22*u - 6. Calculate the highest common divisor of u and 12.
6
Suppose -w - 3*c = -3*w + 4, 13 = 3*w - c. Let f be 1 + w + -1 + 0. Calculate the highest common factor of 25 and f.
5
Suppose 0 = h + 2*g + 11 - 27, -5*g = -5*h + 110. Let w = 15 - 5. What is the greatest common factor of h and w?
10
Suppose 3*k + 276 = 3*n, -3*n + k - 32 = -300. What is the highest common factor of n and 11?
11
Let u = 308 + -209. Calculate the greatest common divisor of 9 and u.
9
Suppose 2*k = 2 + 8. Suppose -k*o + 20 = -5. Let m = -1 + 11. Calculate the highest common factor of m and o.
5
Suppose 42 + 18 = 4*b. What is the highest common factor of 15 and b?
15
Let y(d) = -d + 1. Let b be y(-11). Let g be (-32)/6 - 2/(-6). Let w = 29 + g. Calculate the highest common divisor of w and b.
12
Let q be (-11 - 1)/(1/(-2)). Calculate the greatest common factor of q and 6.
6
Suppose -2*u + 420 = u. Calculate the highest common divisor of 20 and u.
20
Suppose -7*r - 52 = -3*r. Let q be r/(-3) - (-2)/(-6). Let o = -2 - -3. What is the greatest common factor of o and q?
1
Suppose 126 = -14*v + 20*v. What is the highest common divisor of 56 and v?
7
Suppose 12 = 4*z - 3*z - 5*x, -4*z + 16 = -4*x. What is the highest common factor of 6 and z?
2
Let k = 4 + 5. Let a = 24 - k. What is the highest common factor of 3 and a?
3
Let d be (2/((-6)/(-33)))/1. What is the highest common divisor of 11 and d?
11
Suppose 4*n = n + 561. What is the highest common factor of 17 and n?
17
Let y = -11 + 21. Let i be (0/2)/(1 - 0). Suppose 5*h + 4*s + 1 - 51 = 0, i = -2*h - 2*s + 20. Calculate the highest common divisor of h and y.
10
Let v be 18*(56/(-12))/(-7). Let n(x) = -9*x. Let m be n(-2). Calculate the greatest common divisor of v and m.
6
Let y be 34/(6/3) - 2. Suppose 0 = -2*c - 0*h - h + 235, 3*c + 3*h - 345 = 0. What is the highest common factor of y and c?
15
Suppose -2*a + 10 = 3*a. Suppose -2*h = a*p + 10, -5*p + 3*h + 11 = -4. Suppose v + v - 14 = p. Calculate the highest common factor of v and 56.
7
Let a = -105 + 209. What is the greatest common factor of 13 and a?
13
Let s(r) = r**3 + 11*r**2 - 8*r + 1. Let z be s(-11). Suppose -21 = -2*u - 5*j, 3*u - z = 2*j + 2*j. Calculate the greatest common factor of 115 and u.
23
Let w = 3 - 3. Let i be (-2 - w) + 22/2. What is the greatest common factor of i and 72?
9
Let b be (0/(-2))/(1 + -2). Suppose b = -2*x + 10, -2*x - 4 = z - 21. What is the highest common divisor of z and 77?
7
Let h = 6 + -3. Let m = 27 - h. What is the greatest common divisor of 24 and m?
24
Let b = 20 + -14. Let a = -1 - 0. Let c be (-33 - -2)*-1 + a. Calculate the highest common divisor of c and b.
6
Let s = 35 + -24. What is the highest common divisor of s and 165?
11
Let x be ((-137)/2)/(4/8). Let n be x/(-9) + 12/(-54). Calculate the highest common divisor of n and 30.
15
Let i be 28*(-6)/(-4) - -2. Let c = i - -121. Suppose g - 5 - 10 = 0. Calculate the greatest common divisor of g and c.
15
Suppose -4*u + 30 = 3*r - 41, 0 = 5*u - 5*r - 80. What is the greatest common factor of u and 34?
17
Let x(o) = 0*o - 5 - 3*o - 3 + 5*o. Let n be x(6). What is the greatest common divisor of 44 and n?
4
Suppose 3*g - 5*g + 12 = 0. Suppose -2*w + 2*d - 2 = 0, -5*w + 3*d + d = g. Let z = 11 - w. What is the highest common divisor of 91 and z?
13
Suppose -m = -0 - 7. Suppose -2*k + 26 = 2*g, -2*k = -0*k + 2. What is the greatest common factor of g and m?
7
Let b be 24/((2 + -1)*(-12)/(-8)). What is the greatest common divisor of 4 and b?
4
Let r be 4/4*(1 + -38). Let p be 2/3 - r/3. Suppose 101 = 3*t - 2*t + 4*i, 4*t - 4*i = 484. What is the highest common factor of t and p?
13
Suppose -3*j - 2*j = 3*f - 370, -j + 87 = -2*f. Calculate the greatest common factor of j and 7.
7
Let t(k) = 6 - 10*k**2 - k - k**3 + 2*k**2 - k. Let j be t(-8). Calculate the highest common divisor of j and 33.
11
Let p be (78/9)/(4/6). Let w be (-16)/10*(p - -2). Let t = 88 + w. Calculate the highest common divisor of t and 16.
16
Let n(b) = b**2 - 6*b + 7. Let i be n(5). What is the greatest common factor of i and 3?
1
Let n = 0 - -3. Let m = n + 1. Calculate the highest common factor of m and 4.
4
Let g be -1 + 3/(9/3). Let x(t) = -t + 1 + 5 + g. Let j be x(0). What is the highest common divisor of 15 and j?
3
Let p be 7 + -3*(-6)/(-9). Let b = -7 - -11. Suppose 3*j = -3*l + 51, 4*j = b*l - 34 - 18. Calculate the highest common divisor of p and l.
5
Suppose -3*i + 2*x - 6 = 0, 4*i + 3*x + 7 = -1. Let w(h) = -2*h**3 - h**2 + 2*h + 1. Let q be w(i). What is the highest common divisor of 45 and q?
9
Let i(o) be the second derivative of 13*o**3/6 - 3*o**2/2 + 4*o. Let m be i(4). Calculate the greatest common divisor of 7 and m.
7
Suppose 0 = -5*w - 87 + 242. What is the highest common factor of 62 and w?
31
Let d(z) be the second derivative of z**5/20 + 2*z**4/3 - 5*z**3/6 + z**2 + 2*z. Let o be d(-8). Let c = 16 - 2. What is the greatest common divisor of c and o?
14
Suppose -4*z + 18 + 22 = 0. Let f be 111 - (-2 + 3)/1. What is the highest common divisor of f and z?
10
Let t(r) = -2*r + 5*r**2 - 1 - 6 + r**3 + 3. Let y be t(-3). Let q be (24/y)/((-1)/(-10)). What is the greatest common divisor of q and 96?
12
Let g(c) = c - 18. Let i be g(13). Let b = i + 11. Calculate the greatest common divisor of 6 and b.
6
Suppose -3*p = -2*p - 5*y - 310, 5*p + 5*y - 1670 = 0. Suppose -2*w - w + p = 0. What is the highest common divisor of 10 and w?
10
Let f(u) = u**2 - 8*u + 2. Let w be f(8). Suppose 10 + w = n. What is the highest common divisor of 36 and n?
12
Suppose k - 359 = -128. What is the highest common divisor of k and 33?
33
Let w(u) = -u**3 - 7*u**2 + 2